base 14?
-3055c0
214a30 (base 14) to base 3
2010021000022
Convert 1221040 (base 8) to base 2.
1010010001000100000
-abba7b (base 13) to base 11
-2319140
Convert -4736557 (base 8) to base 16.
-13bd6f
What is 120234043 (base 5) in base 12?
229597
12124620 (base 8) to base 7
31436144
What is 250234 (base 12) in base 15?
bd417
Convert -154425330 (base 6) to base 10.
-3300822
-125333123 (base 6) to base 13
-6972c3
-30336 (base 13) to base 7
-506262
-1022010301 (base 4) to base 6
-10300401
Convert 535232 (base 6) to base 4.
22232210
-419b (base 12) to base 2
-1110000000111
What is -2a7bd7 (base 14) in base 9?
-2707036
What is 83775 (base 9) in base 5?
3232220
-207256 (base 9) to base 5
-12422124
What is -1110000111110000 (base 2) in base 5?
-3322330
What is 2c6c5 (base 15) in base 4?
202332311
22020220203 (base 4) to base 10
2656803
Convert -24453054 (base 6) to base 8.
-2774572
Convert -7656 (base 14) to base 2.
-100111111101100
Convert -1355a8 (base 16) to base 8.
-4652650
220031312 (base 4) to base 16
28376
656703 (base 9) to base 14
a2c31
What is 25111166 (base 8) in base 5?
2404330033
Convert 3033133232 (base 4) to base 13.
239b01
What is 210314 (base 8) in base 13?
25a30
What is 11110100001010001000011 (base 2) in base 8?
36412103
Convert -2317993 (base 12) to base 7.
-111253116
Convert 456933 (base 12) to base 9.
2072543
What is -20101120022 (base 3) in base 6?
-2410225
Convert -640aa0 (base 11) to base 5.
-230314230
What is 145493 (base 10) in base 7?
1144115
Convert -3436367 (base 8) to base 14.
-1a40ab
2566a (base 12) to base 13
1a317
5cdee2 (base 16) to base 5
3024230440
146323524 (base 7) to base 13
205b48c
-344711 (base 9) to base 6
-4233444
-177377 (base 9) to base 14
-2c332
What is -6e5f26 (base 16) in base 4?
-123211330212
17b7a6 (base 13) to base 2
10010001101011100010
Convert 9fb84 (base 16) to base 3.
1020020102002
Convert -66210d (base 15) to base 9.
-10137224
What is -1010113303 (base 4) in base 14?
-740b9
-3a1a (base 13) to base 9
-12346
What is -1001120001 (base 3) in base 12?
-1006a
What is -3750ec (base 16) in base 7?
-42546041
33120323 (base 4) to base 3
10012110122
Convert -209a0 (base 13) to base 2.
-1110010110010101
What is 111332213 (base 5) in base 9?
835256
Convert -20f83e (base 16) to base 6.
-114151130
-4993b4 (base 13) to base 4
-12232111120
536213 (base 8) to base 2
101011110010001011
110219 (base 11) to base 7
1331662
-3462348 (base 9) to base 13
-506b97
Convert 26041300 (base 9) to base 14.
19aa13a
14b87b0 (base 12) to base 14
7bd6cc
What is 848f7 (base 16) in base 14?
101c35
-34297 (base 10) to base 15
-a267
Convert 12b7108 (base 13) to base 16.
5a0372
Convert 11161723 (base 8) to base 13.
668559
1a2790 (base 12) to base 3
212102001100
What is 11332303 (base 5) in base 7?
616036
a543 (base 14) to base 11
1a440
93693a (base 11) to base 13
407b6c
21a4022 (base 11) to base 6
214351311
What is -10315414 (base 8) in base 16?
-219b0c
13233121033 (base 4) to base 6
111254051
What is -10001100110101101010 (base 2) in base 14?
-110334
Convert -12001220020110 (base 3) to base 14.
-501da6
What is -d370 (base 14) in base 9?
-54777
Convert 1201202111 (base 3) to base 14.
c5cb
Convert 27aa52 (base 12) to base 10.
661598
Convert 16464581 (base 9) to base 12.
291a777
-1112221000011 (base 3) to base 8
-3113620
What is 1413134 (base 7) in base 9?
316362
Convert 303200022 (base 4) to base 5.
23222304
-46033035 (base 8) to base 9
-20683514
What is -a203dc (base 14) in base 9?
-11235020
Convert -103102210300 (base 4) to base 15.
-69d4b1
What is -73838 (base 16) in base 4?
-1303200320
What is -2360567 (base 12) in base 4?
-122012310133
What is -56111c (base 14) in base 13?
-7b4350
Convert -7d82 (base 15) to base 7.
-140522
What is 100956 (base 10) in base 16?
18a5c
411515 (base 7) to base 6
1301045
What is -13512044 (base 6) in base 3?
-212101202001
-4110133 (base 5) to base 14
-1a233
What is -2320321 (base 4) in base 12?
-6a21
What is -310404333 (base 5) in base 12?
-50ab59
Convert -27233 (base 11) to base 3.
-1222022220
What is 2a51 (base 12) in base 9?
6717
What is 5ac9f (base 16) in base 13?
100356
What is -110116 (base 16) in base 2?
-100010000000100010110
What is 1202326 (base 9) in base 14?
12d4ac
3b08 (base 12) to base 11
5100
Convert 20001100002002 (base 3) to base 14.
5d98b0
What is -2863a55 (base 12) in base 15?
-a9d21e
1563b0 (base 13) to base 4
2000320322
What is 666690 (base 15) in base 5?
2222203420
What is 261623 (base 9) in base 3?
22001200210
-53daa (base 16) to base 9
-573128
What is 2324500 (base 6) in base 13?
42990
Convert 1d208 (base 16) to base 6.
2320200
1cbb2 (base 13) to base 4
31321201
What is -8c4a1 (base 13) in base 15?
-50b3e
1072583 (base 9) to base 7
4631640
a618c (base 14) to base 16
61e30
334680 (base 14) to base 15
245ca9
Convert -101011100010110111100110 (base 2) to base 3.
-210110221110022
What is -29886b (base 12) in base 9?
-1275282
What is 141310221 (base 5) in base 4?
2301323223
7a12b (base 14) to base 15
5cd27
Convert 4126402 (base 8) to base 13.
2c3588
Convert -6236a (base 14) to base 8.
-716172
What is -23885 (base 16) in base 15?
-2d1cb
Convert 1268846 (base 9) to base 13.
1b46c5
What is 62466504 (base 8) in base 16?
ca6d44
What is -101110100000001011110 (base 2) in base 4?
-11310001132
-82049b (base 13) to base 6
-144523434
What is -986233 (base 13) in base 7?
-42314032
663b4 (base 13) to base 16
2d372
Convert 29119a9 (base 11) to base 9.
10375081
-1001000100011010010100 (base 2) to base 7
-26131043
What is 104715 (base 11) in base 14?
44d38
Convert 118507 (base 9) to base 14.
1c286
What is 10112111221 (base 3) in base 8?
207777
What is 10221033233 (base 4) in base 3?
2021212010022
20222111201 (base 3) to base 6
2540114
Convert 13120120 (base 6) to base 10.
430320
-33520154 (base 7) to base 14
-55b59b
Convert -221113130 (base 4) to base 10.
-169436
What is 2122002112 (base 3) in base 16?
ca73
Convert -92b83 (base 16) to base 3.
-1010112100220
What is -4134a (base 11) in base 6?
-1143120
Convert 1716257 (base 8) to base 16.
79caf
-6153c8 (base 13) to base 12
-91459b
Convert -3ca682 (base 13) to base 10.
-1479701
Convert 205015 (base 8) to base 11.
47198
170642 (base 10) to base 16
29a92
18779b (base 13) to base 12
258907
Convert 1cc36 (base 13) to base 14.
16ab4
What is 1100100001010100 (base 2) in base 3?
2121100102
Convert -3033636 (base 7) to base 16.
-5841c
Convert 322121432 (base 5) to base 15.
1be22c
Convert -2003201312 (base 4) to base 7.
-4402451
What is -aae6e (base 15) in base 13?
-16036a
What is -1120122100110 (base 3) in base 12?
-345886
What is 100213444 (base 5) in base 15?
7cdd4
Convert 15325264 (base 9) to base 4.
131013312010
4231142 (base 7) to base 6
14545335
What is -2eb30 (base 16) in base 15?
-3ba20
-1219a (base 11) to base 8
-42175
612519 (base 11) to base 13
285cb4
What is 6741a (base 11) in base 2?
10111110110000100
What is -85083 (base 9) in base 15?
-119c3
What is -35244041 (base 8) in base 5?
-3431424202
Convert -403104014 (base 5) to base 15.
-21cdde
Convert -122200202222 (base 3) to base 4.
-1111002023
What is 2156431 (base 8) in base 2?
10001101110100011001
What is -276328 (base 9) in base 11?
-1057a5
What is 6ad866 (base 14) in base 8?
15725662
Convert -1766617 (base 9) to base 14.
-1ba60a
What is 22ac09 (base 15) in base 12?
67a723
2012012012002 (base 3) to base 8
4343427
1261557 (base 9) to base 5
134040331
What is -212100112121 (base 3) in base 11?
-294397
Convert -59424 (base 10) to base 11.
-40712
Convert -9b268 (base 16) to base 2.
-10011011001001101000
213013 (base 13) to base 11
49137a
-2918333 (base 12) to base 16
-7dd4d7
-1929208 (base 11) to base 5
-1313400111
Convert 10101111010110100 (base 2) to base 6.
1531352
-2030015 (base 6) to base 10
-97211
Convert 10b00a (base 12) to base 3.
111121102101
What is -207423 (base 8) in base 15?
-15865
-5cbb58 (base 14) to base 10
-3182530
What is 5a4c1 (base 13) in base 15?
34108
16b4922 (base 12) to base 5
2201342211
What is -121210122222 (base 3) in base 5?
-41040342
What is 1010010101001111001000 (base 2) in base 10?
2708424
What is 26525 (base 14) in base 5?
11004214
1011100110110110011101 (base 2) to base 8
13466635
1248532 (base 10) to base 4
10300310110
Convert a47910 (base 15) to base 14.
10787a